{"id":500,"date":"2025-01-28T16:39:55","date_gmt":"2025-01-28T16:39:55","guid":{"rendered":"https:\/\/www.vorbad.dk\/?page_id=500"},"modified":"2025-01-28T16:41:49","modified_gmt":"2025-01-28T16:41:49","slug":"sauna","status":"publish","type":"page","link":"https:\/\/www.vorbad.dk\/?page_id=500","title":{"rendered":"Sauna"},"content":{"rendered":"\n<p>Den sociale sauna udl\u00f8ber af EU-projektet Connected River, hvor Vordingborg Kommune deltager med henblik p\u00e5 at skabe mere liv og ny interesse for Sydhavnen og Masned\u00f8. Saunaen er lejet af Vordingborg Kommune i seks uger og driftes af Vordingborg Havnebad. <\/p>\n\n\n\n<p>Vordingborg Havnebad har i forbindelse med driften opkr\u00e6vet brugerne et mindre bel\u00f8b, som har gjort, at vi kan forl\u00e6nge saunaens placering p\u00e5 Sydhavnen med en ekstra m\u00e5ned. Vi fors\u00f8ger at finde en eller flere sponsorer, som vil bidrage til vores sociale sauna, s\u00e5 vi kan have den til p\u00e5ske med.<\/p>\n\n\n\n<h2 class=\"wp-block-heading\">\u00c5bningstider<\/h2>\n\n\n\n<p>Onsdage: 15:00 &#8211; 20:00<br>Fredage: 15:00 &#8211; 20:00<br>L\u00f8rdage: 9:00 &#8211; 20:00<br>S\u00f8ndage: 13:00 &#8211; 20:00<\/p>\n\n\n\n<h2 class=\"wp-block-heading\">Brug af saunaen<\/h2>\n\n\n\n<p>For at benytte saunaen, skal man tilmelde sig p\u00e5 <a href=\"http:\/\/elog.dk\/vorbad\" data-type=\"link\" data-id=\"elog.dk\/vorbad\">elog.dk\/vorbad<\/a>, hvor man kan reservere en plads i vores \u00e5bningstid.<\/p>\n\n\n\n<p>\ud83d\ude4f Husk at forlade stedet p\u00e6nere, end da du kom \ud83d\ude4f<\/p>\n\n\n\n<h2 class=\"wp-block-heading\">Priser<\/h2>\n\n\n\n<p>Det koster 10 kr. for medlemmer af Vordingborg Havnebad og 30 kr. for ikke-medlemmer pr. dag.<br>Pengene g\u00e5r til, at vi forh\u00e5bentlig kan forl\u00e6nge den nuv\u00e6rende sauna og placering en m\u00e5ned ekstra.<\/p>\n\n\n\n<p>Betalinger skal sendes til MobilePay #47437. Du finder ogs\u00e5 info p\u00e5 saunaens d\u00f8r.<\/p>\n\n\n\n<h2 class=\"wp-block-heading\">Frivillig<\/h2>\n\n\n\n<p>Hvis du vil hj\u00e6lpe med reng\u00f8ring, saunagus, \u00e5bning eller lukning af saunaen, s\u00e5 vil vi altid gerne h\u00f8re fra dig. Du kan kontakte os p\u00e5 hjemmesiden eller finde vores Facebook side ved at s\u00f8ge p\u00e5 Vordingborg Havnebad.<\/p>\n\n\n\n<p>Du er velkommen til at kontakte Christian p\u00e5 2372 5756, hvis du \u00f8nsker at v\u00e6re frivillig.<\/p>\n\n\n\n<h2 class=\"wp-block-heading\">Reng\u00f8ring<\/h2>\n\n\n\n<p>Hver s\u00f8ndag kl. 11:00-12:00 g\u00f8r vi saunaen klar til endnu flere hyggelige timer. Vi h\u00e5ber at kunne v\u00e6re 3-4 frivillige til reng\u00f8ringen, men alle er velkomne til at tilmelde sig p\u00e5 <a href=\"http:\/\/elog.dk\/vorbad\" data-type=\"link\" data-id=\"elog.dk\/vorbad\">elog.dk\/vorbad<\/a>  \u2013 det tager maks. \u00e9n time, og der er altid en fra bestyrelsen til stede.<\/p>\n\n\n\n<h2 class=\"wp-block-heading\">Hj\u00e6lp med \u00e5bning og lukning <\/h2>\n\n\n\n<p>Vi har ogs\u00e5 brug for din hj\u00e6lp til \u00e5bning og lukning af saunanen. <\/p>\n\n\n\n<p>\u00c5bning: T\u00e6nd saunaen 2-3 timer f\u00f8r \u00e5bning, l\u00e6g t\u00f8rre kludet\u00e6pper ud, ryd op udenfor (hvis n\u00f8dvendigt) og s\u00f8rg for, at der er vand nok i dunkene til ovnen. Timer-funktionen kan bruges, hvis du vil t\u00e6nde saunaen inden arbejde.<\/p>\n\n\n\n<p>Lukning: Sluk sauna og lys, tag v\u00e5de kludet\u00e6pper med hjem til t\u00f8rring, og send et billede af elm\u00e5leren til Lise, Bjarne eller Christian. Husk at s\u00e6tte n\u00f8glen tilbage i n\u00f8gleboksen og dreje v\u00e6k fra koden.<\/p>\n\n\n\n<p>Lysk\u00e6der m\u00e5 gerne v\u00e6re t\u00e6ndte hele d\u00f8gnet.<\/p>\n\n\n\n<p>Hvis du har lyst til at hj\u00e6lpe med at \u00e5bne og\/eller lukke, s\u00e5 book din tid p\u00e5 <a href=\"https:\/\/l.facebook.com\/l.php?u=http%3A%2F%2Felog.dk%2Fvorbad%3Ffbclid%3DIwZXh0bgNhZW0CMTAAAR3X1XBd_lXquo_b26sFaL8W74oO0TBE3rJtUHRc3aiWgvHukMJAiNpIREw_aem_dEbiePiLHXBepT9-Bk9Klg&amp;h=AT0O1ZsEvQP47CkyXj_HEcXgykGU0lhglO5Kt40OrepGobb8Izpc1uq30BntuEi1Mexo2oNAg2AprxHruKy4pisekAjN_xm4mp_zAO1QqMH69ZNjvn-Pr22823Eek0pV9dND&amp;__tn__=-UK-R&amp;c[0]=AT2c3oNSfxycnVnYqCGQBamryMTwXO2WmGDf9KytMadkBFaFTQnU91uiLFVl86DuN44p_AaKhLVhbjLvIjw69LT8G3olUDmd1NKEdisvRyQD6hx3AzL5kwZR9ijzOWa58liTF6_2fpr1lrakFkSV5YQ4AEB7E9-jcv_svtcAFjiCmuJOaO_DrRNesLUsgLPJVzWRch3ZJ5UGiv3yyis\" target=\"_blank\" rel=\"noreferrer noopener\">elog.dk\/vorbad<\/a> <br>Din indsats g\u00f8r en forskel for alle os, der nyder saunaens varme.<\/p>\n","protected":false},"excerpt":{"rendered":"<p>Den sociale sauna udl\u00f8ber af EU-projektet Connected River, hvor Vordingborg Kommune deltager med henblik p\u00e5 at skabe mere liv og ny interesse for Sydhavnen og Masned\u00f8. Saunaen er lejet af Vordingborg Kommune i seks uger og driftes af Vordingborg Havnebad. Vordingborg Havnebad har i forbindelse med driften opkr\u00e6vet brugerne et mindre bel\u00f8b, som har gjort, [&hellip;]<\/p>\n","protected":false},"author":1,"featured_media":0,"parent":0,"menu_order":0,"comment_status":"closed","ping_status":"closed","template":"","meta":{"footnotes":""},"class_list":["post-500","page","type-page","status-publish","hentry"],"_links":{"self":[{"href":"https:\/\/www.vorbad.dk\/index.php?rest_route=\/wp\/v2\/pages\/500","targetHints":{"allow":["GET"]}}],"collection":[{"href":"https:\/\/www.vorbad.dk\/index.php?rest_route=\/wp\/v2\/pages"}],"about":[{"href":"https:\/\/www.vorbad.dk\/index.php?rest_route=\/wp\/v2\/types\/page"}],"author":[{"embeddable":true,"href":"https:\/\/www.vorbad.dk\/index.php?rest_route=\/wp\/v2\/users\/1"}],"replies":[{"embeddable":true,"href":"https:\/\/www.vorbad.dk\/index.php?rest_route=%2Fwp%2Fv2%2Fcomments&post=500"}],"version-history":[{"count":3,"href":"https:\/\/www.vorbad.dk\/index.php?rest_route=\/wp\/v2\/pages\/500\/revisions"}],"predecessor-version":[{"id":504,"href":"https:\/\/www.vorbad.dk\/index.php?rest_route=\/wp\/v2\/pages\/500\/revisions\/504"}],"wp:attachment":[{"href":"https:\/\/www.vorbad.dk\/index.php?rest_route=%2Fwp%2Fv2%2Fmedia&parent=500"}],"curies":[{"name":"wp","href":"https:\/\/api.w.org\/{rel}","templated":true}]}}