{"id":37,"date":"2023-06-13T18:40:50","date_gmt":"2023-06-13T18:40:50","guid":{"rendered":"http:\/\/www.vorbad.dk\/?page_id=37"},"modified":"2025-02-02T11:53:22","modified_gmt":"2025-02-02T11:53:22","slug":"forside","status":"publish","type":"page","link":"https:\/\/www.vorbad.dk\/","title":{"rendered":"Velkommen til Vordingborg Havnebad"},"content":{"rendered":"\n<p class=\"text-white\">Vi er en gruppe Vordingborggensere, der arbejder for at f\u00e5 et havnebad til Vordingborg by, og med Danmarks l\u00e6ngste kyststr\u00e6rkning har vi gode muligheder for at skabe et havnebad, der b\u00e5de \u00f8ger gl\u00e6den ved badning og samtidig tilbyder sikre, sjove og udfordrende aktiviteter for alle. Havnebadet skal have gode omkl\u00e6dnings- og toiletfaciliteter samt en offentlig sauna, som ogs\u00e5 vil gl\u00e6de de mange vinterbadere, der mangler ordentlige faciliteter.<\/p>\n\n\n\n<p class=\"text-white\">Siden December 2024 har vi haft en sauna til r\u00e5dighed via EU-projektet Connected River, hvor Vordingborg Kommune deltager med henblik p\u00e5 at skabe mere liv og ny interesse for Sydhavnen og Masned\u00f8. Saunaen er lejet af Vordingborg Kommune, og driftes af Vordingborg Havnebad. L\u00e6s mere om saunaen herunder, som mange allerede nyder.<\/p>\n","protected":false},"excerpt":{"rendered":"<p>Vi er en gruppe Vordingborggensere, der arbejder for at f\u00e5 et havnebad til Vordingborg by, og med Danmarks l\u00e6ngste kyststr\u00e6rkning har vi gode muligheder for at skabe et havnebad, der b\u00e5de \u00f8ger gl\u00e6den ved badning og samtidig tilbyder sikre, sjove og udfordrende aktiviteter for alle. Havnebadet skal have gode omkl\u00e6dnings- og toiletfaciliteter samt en offentlig [&hellip;]<\/p>\n","protected":false},"author":1,"featured_media":0,"parent":0,"menu_order":0,"comment_status":"closed","ping_status":"closed","template":"template-parts\/content-frontpage.php","meta":{"footnotes":""},"class_list":["post-37","page","type-page","status-publish","hentry"],"_links":{"self":[{"href":"https:\/\/www.vorbad.dk\/index.php?rest_route=\/wp\/v2\/pages\/37","targetHints":{"allow":["GET"]}}],"collection":[{"href":"https:\/\/www.vorbad.dk\/index.php?rest_route=\/wp\/v2\/pages"}],"about":[{"href":"https:\/\/www.vorbad.dk\/index.php?rest_route=\/wp\/v2\/types\/page"}],"author":[{"embeddable":true,"href":"https:\/\/www.vorbad.dk\/index.php?rest_route=\/wp\/v2\/users\/1"}],"replies":[{"embeddable":true,"href":"https:\/\/www.vorbad.dk\/index.php?rest_route=%2Fwp%2Fv2%2Fcomments&post=37"}],"version-history":[{"count":81,"href":"https:\/\/www.vorbad.dk\/index.php?rest_route=\/wp\/v2\/pages\/37\/revisions"}],"predecessor-version":[{"id":533,"href":"https:\/\/www.vorbad.dk\/index.php?rest_route=\/wp\/v2\/pages\/37\/revisions\/533"}],"wp:attachment":[{"href":"https:\/\/www.vorbad.dk\/index.php?rest_route=%2Fwp%2Fv2%2Fmedia&parent=37"}],"curies":[{"name":"wp","href":"https:\/\/api.w.org\/{rel}","templated":true}]}}